01 a prime number?
False
Let w = 2 + 2. Suppose -w*d = d. Is (1 + 245)/(d + 2) prime?
False
Suppose -3252 = 34*c - 211706. Is c a composite number?
False
Let i(h) = 5*h + 7. Let s(w) = 3*w + 2. Let y be s(2). Let a be i(y). Is 3/(1/a*3) a composite number?
False
Let g(z) = 14 + 8*z - z**2 - 18*z + 6*z. Is g(-6) composite?
False
Let j(r) = r**2 + 2*r. Let a be j(0). Suppose 3*w - w + 8 = a. Let y = 9 - w. Is y prime?
True
Let y = 1364 + -2063. Let h = y + 1178. Is h prime?
True
Let d = -6181 + 37164. Is d prime?
True
Let a be ((2 + -10)/4 + -92)/(-2). Let g = 1756 - a. Is g a prime number?
True
Let d(t) = -9*t**2 + 5. Let g be d(5). Let w be (g/2)/(2/(-3)). Suppose -4*x + 567 + w = 0. Is x a composite number?
True
Let c(z) = -92*z**2 + 3*z - 3. Let v be c(2). Let m be (4/(-10))/(1/v). Let d = m + -25. Is d composite?
True
Suppose -2*k + 166 = -906. Suppose 3*z = -5*f + k, 0 = 3*f + 8 + 7. Is z prime?
False
Let z be -6 + 7 + (-1 - -3). Suppose 1342 = z*a - t, -2*t + 7*t + 20 = 0. Is a prime?
False
Suppose 217*v - 223*v = -50790. Is v prime?
False
Let v be (-72)/(-60)*(-5)/(-2). Let p = v + -261. Is (-3)/(-6) - p/4 a composite number?
True
Suppose -3*j - 126590 = -13*j. Is j prime?
True
Suppose 5*y + 50825 = 5*j, 3*j = 6*j + 2*y - 30515. Is j a prime number?
True
Suppose -5*j + 19348 = 413. Is j a prime number?
False
Suppose 3*v + 3364 = 7*v. Let c = -354 + v. Is c composite?
False
Let m be 3 + 0 + 0 - 1. Suppose m = -2*c, 2*i + 4*c + 2 = 36. Is i a prime number?
True
Suppose 0 = -2*z - 8 - 8. Let u(r) be the first derivative of 2*r**3 + r**2/2 + 5*r + 10. Is u(z) a prime number?
False
Suppose 0 = a - 564 + 561. Let c = -23 + 3145. Suppose a*j - j = c. Is j a composite number?
True
Let q(b) = b**3 - 10*b**2 + 10*b - 7. Let p(n) = -n**3 + 10*n**2 - 10*n + 7. Let o(s) = -4*p(s) - 5*q(s). Let w be o(7). Suppose 3*m - 375 = -w. Is m prime?
True
Is (2554/6)/(70/210) a composite number?
False
Is 919*(3/(-6))/(2/(-4)) a prime number?
True
Let n = 13 + -10. Suppose -8*y + 4*y = -5*d + 2719, -n*y - 535 = -d. Is d a composite number?
False
Let z = -36 + 347. Let q = z + -94. Is q a composite number?
True
Suppose d - 4*o = -3*d - 16, 0 = 2*d + 2*o - 8. Suppose -4*t - 71 = -k, d*k + 5*k = 5*t + 370. Suppose -5*s + k = v - 5*v, -s + 5*v + 15 = 0. Is s prime?
False
Suppose -337146 - 197564 = -22*m. Is m composite?
True
Let z(x) = -5*x**3 - x**2 + 2*x + 2. Let f be z(-1). Suppose g = -f*m + 177, 20 = g + 3*g. Is m a prime number?
True
Let c be (3 - 5) + 1*-2. Let s be (8*c/(-8))/(-1). Is (2/s)/((-1)/382) composite?
False
Suppose 8478 = 4*h - 15166. Is h composite?
True
Suppose -5*r = 2*y - 21783 - 82739, 3*y = -3*r + 156765. Is y prime?
False
Suppose 5*c = 23 + 27. Suppose 0 = 4*m + 5*h - 33, 3*h - 11 - c = -3*m. Let x = m + 33. Is x prime?
False
Let u be (-3)/2*24/9. Is (-35200)/(-28) + u/28 a prime number?
False
Let t = 3030 + 3068. Is t prime?
False
Suppose -24*t + 19343 = -t. Is t a composite number?
True
Let o be (-3)/9 + (-14)/(-6). Let a(k) = 3*k**o + 3*k - 4*k**2 + 59*k**3 - 1 + 0 - 9*k**3. Is a(1) prime?
False
Suppose -19*s + 17*s + 5*t + 9438 = 0, 5*t + 4729 = s. Is s a composite number?
True
Let x(v) = -29*v - 26*v + 10 + 1 + 15*v. Is x(-12) prime?
True
Let b(w) = -2*w**2 - 20*w + 3. Let s be b(-10). Is (6140/(-30))/((-2)/s) a prime number?
True
Suppose -5*d = -3*x + 5, x = 2*x + 5*d + 5. Suppose x = -3*z + 724 + 395. Is z composite?
False
Suppose -5*h = -2*f - 12, h + 3*h - 4*f = 0. Is 1/(-2) + (-2)/h*-2219 prime?
True
Let l be (-22 - -29)*6/7. Let n(z) = 5 + z**2 + 2*z + 8*z - 3*z. Is n(l) composite?
False
Suppose h = b - 2, 3 = -4*h + 5*b - 5. Is h/5 + 472/5 prime?
False
Let n be 3*-298*(-1)/(-6). Let q = 214 + n. Let r = 256 - q. Is r a prime number?
True
Let c = 1796 + -105. Is c a composite number?
True
Let c be -2*((-255)/10)/(-3). Let g = c + 11. Is 1436*(-3)/g - -3 a prime number?
False
Suppose -4*f + 3*g + 12 = 4*g, -f + 3 = 2*g. Suppose -n + 1788 = f*n. Suppose -l - 2*y = -n, -4*l = -2*y - 616 - 1182. Is l prime?
True
Suppose 5*v - 2907 + 392 = 0. Suppose -1013 = -4*m + v. Is m prime?
True
Suppose 2*g - 6*g + 824 = 0. Let t(h) = -4*h**3 + h + 2. Let d be t(3). Let n = g + d. Is n composite?
False
Suppose -12 = -5*b - 2. Let q = 6 - 6. Suppose q = -b*g - 2*g + 1228. Is g composite?
False
Let z(l) = -12*l - 14. Let b be z(5). Is b*1/((-6)/33) prime?
False
Let i = -9 - 3. Let y(d) = 2*d**2 + 4*d + 13. Is y(i) a composite number?
True
Suppose -34*l - 175 = -39*l. Is 10/l + (-2385)/(-7) prime?
False
Suppose 0 = 5*y - 3*d - 6687, -2*y + 2682 = d - 4*d. Suppose z - y = -2*z. Is z a prime number?
False
Let y(o) be the first derivative of -3*o**4/2 + 2*o**3/3 + o**2 + 5*o - 1. Is y(-6) composite?
False
Suppose 5*m - 338 - 37 = -5*t, 3*t + 160 = 2*m. Suppose 4*b = -3*k + m, 3*k - 73 = -8*b + 3*b. Suppose 2*o - k = 75. Is o composite?
False
Suppose -3*f - 2*l + 399 = 122, -10 = -2*l. Is f a composite number?
False
Let n(b) = 13*b**3 + 17*b**2 + b - 49. Is n(8) composite?
False
Suppose m = 14849 + 2174. Is m a prime number?
False
Let v(h) be the first derivative of h**3/3 - 4*h**2 - 14*h - 3. Suppose -4*j + 2*j - 38 = -4*y, j = 5. Is v(y) composite?
True
Let p(c) = 2*c**3 + c**2 + c + 5. Let m be p(4). Suppose -h - m = -2*h. Let f = h - 64. Is f a composite number?
False
Let m = 2353 + -980. Let h = m - 256. Is h a prime number?
True
Let c(i) = -6*i**2 + 11*i + 11. Let h be c(9). Let x = -153 - h. Is x a prime number?
True
Let y(j) = 0*j - 27 + 15 + 2*j. Let w be y(7). Suppose -213 - 765 = -w*a. Is a a composite number?
True
Suppose -7*h + 5435 = -2*h + 2*m, 4*h - 2*m = 4348. Is h prime?
True
Suppose -1495 = -l + 1734. Suppose 8*o - 11*o - 5*v = -1956, l = 5*o - 2*v. Is o a prime number?
True
Let p(f) = f**3 - 6*f**2 + 7*f - 5. Let m be p(5). Let w be ((-4)/5)/(4 - 88/20). Suppose 4*r - 518 = -4*x + w*x, -5*x - m*r = -1305. Is x a composite number?
False
Let l = 9 - 8. Let f = 4 + l. Suppose f*t = 2*d - 133, -3*d + 2*t = -5 - 178. Is d prime?
True
Suppose 0 = 656*d - 650*d - 138228. Is d a composite number?
True
Suppose 5*d - 10 = 20. Let a(v) be the third derivative of v**5/30 - 7*v**4/24 + v**3/2 - 39*v**2. Is a(d) composite?
True
Let r = 6975 - 4816. Is r prime?
False
Suppose 19*a - 847259 = -30*a. Is a a prime number?
True
Let q(o) = 14*o**2 - 3*o + 4. Let p(m) = -4 + m + 3 - 6 - 3. Let g be p(7). Is q(g) composite?
False
Let m be (-2 - -2) + 0 + 5. Suppose -121 - 424 = -m*i. Is i a prime number?
True
Let o(v) = v**2 - 11*v - 9. Let x be o(12). Suppose -g = 4*g - x*l + 4, 0 = -4*g - 2*l + 10. Is g*(-6)/2 - -68 a prime number?
False
Let u(q) = 264*q - 3. Let a(o) = -265*o + 2. Let f(s) = 4*a(s) + 3*u(s). Suppose -3*b + 3 = 3*h - 0*h, 3*h + b + 1 = 0. Is f(h) composite?
True
Suppose 4*x - 3*x + c = -2, 0 = 2*x - 2*c - 12. Suppose -2*t + 4*w = -4, 6*t - x*t - 3 = 3*w. Is (2 + t - 0) + 153 a composite number?
True
Let o be (-1)/(-6) + 110/60. Suppose o*q - 1652 = -2*q. Is q a prime number?
False
Suppose -6*z = -28 - 2. Suppose -5*u - w + 4722 = 1023, -5*u - z*w = -3715. Is u a prime number?
True
Suppose 0 = -16*s + 22*s - 7650. Suppose -5538 + s = -4*t - 5*w, 2*t + 4*w = 2130. Is t a prime number?
False
Let h = -38174 + 68355. Is h prime?
True
Suppose -5*s + 28799 = 26*s. Is s a prime number?
True
Let y(i) = i**3 + 2*i**2 - 8*i. Let b = -1 + 5. Let z be y(b). Let v = z - -102. Is v composite?
True
Let s be 61030/8 - 4/(-16). Suppose 4*c + 2593 - s = 0. Is c a prime number?
True
Let k(q) = 19*q**2 - q + 9. Is k(5) a composite number?
False
Let z(c) = c**3 - 12*c**2 + 10*c + 16. Let r be z(11). Suppose 0 = -r*o + o. Suppose 67 = 3*b - 2*k, 2*b + 0*k + k - 33 = o. Is b prime?
True
Suppose 0*c + c = 4*c. Suppose c = m - 326 + 79. Is m prime?
False
Is 0 - -60277 - (2 + 32/8) a prime number?
True
Is (-2906373)/(-95)*5/3 composite?
False
Let l = -19982 + 55571. Is l a prime number?
False
Let s(c) = -6*c**3 + 6*c**2 + 3*c + 2. Let h(q) = 17*q**3 - 19*q**2 - 9*q - 7. Let j(a) = -3*h(a) - 8*s(a). Is j(-4) a prime number?
False
Let b = 35 - 31. Suppose 0*t = 3*t + 36. Is (b/(-6))/(t/1242) a composite number?
True
Let l(a) be the third derivative of -19*a**6/60 + 7*a**5/60 - a**4/6 + a**3/2 + 29*a**2. Is l(-4) a prime number?
False
Let i(f) = f**2 + 14*f - 1